{"id":473,"date":"2025-01-10T12:05:56","date_gmt":"2025-01-10T11:05:56","guid":{"rendered":"https:\/\/www.campingambois.com\/?page_id=473"},"modified":"2025-01-15T15:46:01","modified_gmt":"2025-01-15T14:46:01","slug":"sea-and-islands","status":"publish","type":"page","link":"https:\/\/www.campingambois.com\/en\/cote-mer-et-iles\/","title":{"rendered":"Sea and islands"},"content":{"rendered":"<div class=\"wp-block-stackable-columns stk-block-columns stk-block stk-96d73a7\" data-block-id=\"96d73a7\"><div class=\"stk-row stk-inner-blocks stk-block-content stk-content-align stk-96d73a7-column\">\n<div class=\"wp-block-stackable-column stk-block-column stk-column stk-block stk-b0a4ca4\" data-v=\"4\" data-block-id=\"b0a4ca4\"><div class=\"stk-column-wrapper stk-block-column__content stk-container stk-b0a4ca4-container stk--no-background stk--no-padding\"><div class=\"stk-block-content stk-inner-blocks stk-b0a4ca4-inner-blocks\">\n<div class=\"wp-block-stackable-image-box stk-block-image-box stk-hover-parent stk-block stk-c16537f is-style-line\" data-block-id=\"c16537f\"><style>.stk-c16537f {border-top-left-radius:10px !important;border-top-right-radius:10px !important;border-bottom-right-radius:10px !important;border-bottom-left-radius:10px !important;overflow:hidden !important;}<\/style><div class=\"stk-block-content stk-inner-blocks has-text-align-center stk-row stk-block-image-box__content\">\n<div class=\"wp-block-stackable-image stk-block-image stk-block stk-b9da356\" data-block-id=\"b9da356\"><style>.stk-b9da356 .stk-img-wrapper{height:350px !important;}:where(.stk-hover-parent:hover,  .stk-hover-parent.stk--is-hovered) .stk-b9da356 .stk-img-wrapper::after{background-color:var(--stk-global-color-95148, #3c5018) !important;}:where(.stk-hover-parent:hover,  .stk-hover-parent.stk--is-hovered) .stk-b9da356 .stk-img-wrapper{--stk-gradient-overlay:0.5 !important;}<\/style><figure><span class=\"stk-img-wrapper stk-image--shape-stretch\"><img loading=\"lazy\" decoding=\"async\" class=\"stk-img wp-image-393\" src=\"https:\/\/www.campingambois.com\/wp-content\/uploads\/2025\/01\/DSC_8602les-sables-d-olonne-sauveterre-Personnalise.jpg\" width=\"900\" height=\"600\" alt=\"les sables d&#039;olonne\" srcset=\"https:\/\/www.campingambois.com\/wp-content\/uploads\/2025\/01\/DSC_8602les-sables-d-olonne-sauveterre-Personnalise.jpg 900w, https:\/\/www.campingambois.com\/wp-content\/uploads\/2025\/01\/DSC_8602les-sables-d-olonne-sauveterre-Personnalise-300x200.jpg 300w, https:\/\/www.campingambois.com\/wp-content\/uploads\/2025\/01\/DSC_8602les-sables-d-olonne-sauveterre-Personnalise-768x512.jpg 768w, https:\/\/www.campingambois.com\/wp-content\/uploads\/2025\/01\/DSC_8602les-sables-d-olonne-sauveterre-Personnalise-500x333.jpg 500w, https:\/\/www.campingambois.com\/wp-content\/uploads\/2025\/01\/DSC_8602les-sables-d-olonne-sauveterre-Personnalise-800x533.jpg 800w\" sizes=\"auto, (max-width: 900px) 100vw, 900px\" \/><\/span><\/figure><\/div>\n\n\n\n<div class=\"wp-block-stackable-column stk-block-column stk-column stk-block stk-0e75003\" data-v=\"4\" data-block-id=\"0e75003\"><style>.stk-0e75003-container{margin-top:0px !important;margin-right:0px !important;margin-bottom:0px !important;margin-left:0px !important;background-color:#3c4f1854 !important;display:flex !important;}.stk-0e75003-container:before{background-color:#3c4f1854 !important;}.stk-0e75003-inner-blocks{justify-content:center !important;}<\/style><div class=\"stk-column-wrapper stk-block-column__content stk-container stk-0e75003-container stk-hover-parent\"><div class=\"stk-block-content stk-inner-blocks stk-0e75003-inner-blocks\">\n<div class=\"wp-block-stackable-heading stk-block-heading stk-block-heading--v2 stk-block stk-0312329\" id=\"les-sables-d-olonne\" data-block-id=\"0312329\"><style>.stk-0312329 .stk-block-heading__bottom-line{height:2px !important;width:0px !important;background-color:#FFFFFF !important;margin-top:16px !important;margin-left:auto !important;margin-right:auto !important;}:where(.stk-hover-parent:hover,  .stk-hover-parent.stk--is-hovered) .stk-0312329 .stk-block-heading__bottom-line{width:80% !important;}.stk-0312329 .stk-block-heading__text{font-size:28px !important;color:#FFFFFF !important;}@media screen and (max-width: 1023px){.stk-0312329 .stk-block-heading__text{font-size:28px !important;}}<\/style><h4 class=\"stk-block-heading__text has-text-color has-white-color\">Les Sables d'Olonne<\/h4><div class=\"stk-block-heading__bottom-line\"><\/div><\/div>\n<\/div><\/div><\/div>\n<\/div><a class=\"stk-link stk-block-link stk--transparent-overlay\" href=\"https:\/\/www.campingambois.com\/en\/les-sables-dolonne\/\"><\/a><\/div>\n<\/div><\/div><\/div>\n\n\n\n<div class=\"wp-block-stackable-column stk-block-column stk-column stk-block stk-42810f7\" data-v=\"4\" data-block-id=\"42810f7\"><div class=\"stk-column-wrapper stk-block-column__content stk-container stk-42810f7-container stk--no-background stk--no-padding\"><div class=\"stk-block-content stk-inner-blocks stk-42810f7-inner-blocks\">\n<div class=\"wp-block-stackable-image-box stk-block-image-box stk-hover-parent stk-block stk-294f401 is-style-line\" data-block-id=\"294f401\"><style>.stk-294f401 {border-top-left-radius:10px !important;border-top-right-radius:10px !important;border-bottom-right-radius:10px !important;border-bottom-left-radius:10px !important;overflow:hidden !important;}<\/style><div class=\"stk-block-content stk-inner-blocks has-text-align-center stk-row stk-block-image-box__content\">\n<div class=\"wp-block-stackable-image stk-block-image stk-block stk-1b67d2d\" data-block-id=\"1b67d2d\"><style>.stk-1b67d2d .stk-img-wrapper{height:350px !important;}:where(.stk-hover-parent:hover,  .stk-hover-parent.stk--is-hovered) .stk-1b67d2d .stk-img-wrapper::after{background-color:var(--stk-global-color-95148, #3c5018) !important;}:where(.stk-hover-parent:hover,  .stk-hover-parent.stk--is-hovered) .stk-1b67d2d .stk-img-wrapper{--stk-gradient-overlay:0.5 !important;}<\/style><figure><span class=\"stk-img-wrapper stk-image--shape-stretch\"><img loading=\"lazy\" decoding=\"async\" class=\"stk-img wp-image-447\" src=\"https:\/\/www.campingambois.com\/wp-content\/uploads\/2025\/01\/volley_plage_veillon_talmont_1_sbourcier.jpg\" width=\"640\" height=\"427\" alt=\"the beaches of vend\u00e9e\" srcset=\"https:\/\/www.campingambois.com\/wp-content\/uploads\/2025\/01\/volley_plage_veillon_talmont_1_sbourcier.jpg 640w, https:\/\/www.campingambois.com\/wp-content\/uploads\/2025\/01\/volley_plage_veillon_talmont_1_sbourcier-300x200.jpg 300w, https:\/\/www.campingambois.com\/wp-content\/uploads\/2025\/01\/volley_plage_veillon_talmont_1_sbourcier-500x334.jpg 500w\" sizes=\"auto, (max-width: 640px) 100vw, 640px\" \/><\/span><\/figure><\/div>\n\n\n\n<div class=\"wp-block-stackable-column stk-block-column stk-column stk-block stk-a00c89c\" data-v=\"4\" data-block-id=\"a00c89c\"><style>.stk-a00c89c-container{margin-top:0px !important;margin-right:0px !important;margin-bottom:0px !important;margin-left:0px !important;background-color:#3c4f1854 !important;display:flex !important;}.stk-a00c89c-container:before{background-color:#3c4f1854 !important;}.stk-a00c89c-inner-blocks{justify-content:center !important;}<\/style><div class=\"stk-column-wrapper stk-block-column__content stk-container stk-a00c89c-container stk-hover-parent\"><div class=\"stk-block-content stk-inner-blocks stk-a00c89c-inner-blocks\">\n<div class=\"wp-block-stackable-heading stk-block-heading stk-block-heading--v2 stk-block stk-cb9a61c\" id=\"les-plages-et-nos-coups-de-coeur\" data-block-id=\"cb9a61c\"><style>.stk-cb9a61c .stk-block-heading__bottom-line{height:2px !important;width:0px !important;background-color:#FFFFFF !important;margin-top:16px !important;margin-left:auto !important;margin-right:auto !important;}:where(.stk-hover-parent:hover,  .stk-hover-parent.stk--is-hovered) .stk-cb9a61c .stk-block-heading__bottom-line{width:80% !important;}.stk-cb9a61c .stk-block-heading__text{font-size:28px !important;color:#FFFFFF !important;}@media screen and (max-width: 1023px){.stk-cb9a61c .stk-block-heading__text{font-size:28px !important;}}<\/style><h4 class=\"stk-block-heading__text has-text-color has-white-color\">Beaches and our favourites<\/h4><div class=\"stk-block-heading__bottom-line\"><\/div><\/div>\n<\/div><\/div><\/div>\n<\/div><a class=\"stk-link stk-block-link stk--transparent-overlay\" href=\"https:\/\/www.campingambois.com\/en\/the-beaches-of-vendee\/\"><\/a><\/div>\n<\/div><\/div><\/div>\n\n\n\n<div class=\"wp-block-stackable-column stk-block-column stk-column stk-block stk-d5570a1\" data-v=\"4\" data-block-id=\"d5570a1\"><div class=\"stk-column-wrapper stk-block-column__content stk-container stk-d5570a1-container stk--no-background stk--no-padding\"><div class=\"stk-block-content stk-inner-blocks stk-d5570a1-inner-blocks\">\n<div class=\"wp-block-stackable-image-box stk-block-image-box stk-hover-parent stk-block stk-e98d95a is-style-line\" data-block-id=\"e98d95a\"><style>.stk-e98d95a {border-top-left-radius:10px !important;border-top-right-radius:10px !important;border-bottom-right-radius:10px !important;border-bottom-left-radius:10px !important;overflow:hidden !important;}<\/style><div class=\"stk-block-content stk-inner-blocks has-text-align-center stk-row stk-block-image-box__content\">\n<div class=\"wp-block-stackable-image stk-block-image stk-block stk-429da51\" data-block-id=\"429da51\"><style>.stk-429da51 .stk-img-wrapper{height:350px !important;}:where(.stk-hover-parent:hover,  .stk-hover-parent.stk--is-hovered) .stk-429da51 .stk-img-wrapper::after{background-color:var(--stk-global-color-95148, #3c5018) !important;}:where(.stk-hover-parent:hover,  .stk-hover-parent.stk--is-hovered) .stk-429da51 .stk-img-wrapper{--stk-gradient-overlay:0.5 !important;}<\/style><figure><span class=\"stk-img-wrapper stk-image--shape-stretch\"><img loading=\"lazy\" decoding=\"async\" class=\"stk-img wp-image-565\" src=\"https:\/\/www.campingambois.com\/wp-content\/uploads\/2025\/01\/PortdelaMeulelIledYeu3-Personnalise-Personnalise.jpg\" width=\"1000\" height=\"667\" alt=\"the Vend\u00e9e islands\" srcset=\"https:\/\/www.campingambois.com\/wp-content\/uploads\/2025\/01\/PortdelaMeulelIledYeu3-Personnalise-Personnalise.jpg 1000w, https:\/\/www.campingambois.com\/wp-content\/uploads\/2025\/01\/PortdelaMeulelIledYeu3-Personnalise-Personnalise-300x200.jpg 300w, https:\/\/www.campingambois.com\/wp-content\/uploads\/2025\/01\/PortdelaMeulelIledYeu3-Personnalise-Personnalise-768x512.jpg 768w, https:\/\/www.campingambois.com\/wp-content\/uploads\/2025\/01\/PortdelaMeulelIledYeu3-Personnalise-Personnalise-500x334.jpg 500w, https:\/\/www.campingambois.com\/wp-content\/uploads\/2025\/01\/PortdelaMeulelIledYeu3-Personnalise-Personnalise-800x534.jpg 800w\" sizes=\"auto, (max-width: 1000px) 100vw, 1000px\" \/><\/span><\/figure><\/div>\n\n\n\n<div class=\"wp-block-stackable-column stk-block-column stk-column stk-block stk-c8ec394\" data-v=\"4\" data-block-id=\"c8ec394\"><style>.stk-c8ec394-container{margin-top:0px !important;margin-right:0px !important;margin-bottom:0px !important;margin-left:0px !important;background-color:#3c4f1854 !important;display:flex !important;}.stk-c8ec394-container:before{background-color:#3c4f1854 !important;}.stk-c8ec394-inner-blocks{justify-content:center !important;}<\/style><div class=\"stk-column-wrapper stk-block-column__content stk-container stk-c8ec394-container stk-hover-parent\"><div class=\"stk-block-content stk-inner-blocks stk-c8ec394-inner-blocks\">\n<div class=\"wp-block-stackable-heading stk-block-heading stk-block-heading--v2 stk-block stk-78d7c95\" id=\"les-iles\" data-block-id=\"78d7c95\"><style>.stk-78d7c95 .stk-block-heading__bottom-line{height:2px !important;width:0px !important;background-color:#FFFFFF !important;margin-top:16px !important;margin-left:auto !important;margin-right:auto !important;}:where(.stk-hover-parent:hover,  .stk-hover-parent.stk--is-hovered) .stk-78d7c95 .stk-block-heading__bottom-line{width:80% !important;}.stk-78d7c95 .stk-block-heading__text{font-size:28px !important;color:#FFFFFF !important;}@media screen and (max-width: 1023px){.stk-78d7c95 .stk-block-heading__text{font-size:28px !important;}}<\/style><h4 class=\"stk-block-heading__text has-text-color has-white-color\">The islands<\/h4><div class=\"stk-block-heading__bottom-line\"><\/div><\/div>\n<\/div><\/div><\/div>\n<\/div><a class=\"stk-link stk-block-link stk--transparent-overlay\" href=\"https:\/\/www.campingambois.com\/en\/the-islands\/\"><\/a><\/div>\n<\/div><\/div><\/div>\n<\/div><\/div>","protected":false},"excerpt":{"rendered":"<p>Les Sables d'Olonne Our favourite beaches The islands<\/p>","protected":false},"author":1,"featured_media":471,"parent":0,"menu_order":0,"comment_status":"closed","ping_status":"closed","template":"","meta":{"_acf_changed":false,"_seopress_robots_primary_cat":"","_seopress_titles_title":"C\u00f4t\u00e9 mer et \u00eeles, vous serez g\u00e2t\u00e9s en Vend\u00e9e","_seopress_titles_desc":"Trouvez les plus belles plages et les plus belles \u00eeles de Vend\u00e9e, pour un moment magique entre vagues et sable fin","_seopress_robots_index":"","_vp_format_video_url":"","_vp_image_focal_point":[],"footnotes":""},"class_list":["post-473","page","type-page","status-publish","has-post-thumbnail","hentry"],"acf":[],"_links":{"self":[{"href":"https:\/\/www.campingambois.com\/en\/wp-json\/wp\/v2\/pages\/473","targetHints":{"allow":["GET"]}}],"collection":[{"href":"https:\/\/www.campingambois.com\/en\/wp-json\/wp\/v2\/pages"}],"about":[{"href":"https:\/\/www.campingambois.com\/en\/wp-json\/wp\/v2\/types\/page"}],"author":[{"embeddable":true,"href":"https:\/\/www.campingambois.com\/en\/wp-json\/wp\/v2\/users\/1"}],"replies":[{"embeddable":true,"href":"https:\/\/www.campingambois.com\/en\/wp-json\/wp\/v2\/comments?post=473"}],"version-history":[{"count":6,"href":"https:\/\/www.campingambois.com\/en\/wp-json\/wp\/v2\/pages\/473\/revisions"}],"predecessor-version":[{"id":1279,"href":"https:\/\/www.campingambois.com\/en\/wp-json\/wp\/v2\/pages\/473\/revisions\/1279"}],"wp:featuredmedia":[{"embeddable":true,"href":"https:\/\/www.campingambois.com\/en\/wp-json\/wp\/v2\/media\/471"}],"wp:attachment":[{"href":"https:\/\/www.campingambois.com\/en\/wp-json\/wp\/v2\/media?parent=473"}],"curies":[{"name":"wp","href":"https:\/\/api.w.org\/{rel}","templated":true}]}}

<div class="wp-block-stackable-columns stk-block-columns stk-block stk-96d73a7" data-block-id="96d73a7"><div class="stk-row stk-inner-blocks stk-block-content stk-content-align stk-96d73a7-column">
<div class="wp-block-stackable-column stk-block-column stk-column stk-block stk-b0a4ca4" data-v="4" data-block-id="b0a4ca4"><div class="stk-column-wrapper stk-block-column__content stk-container stk-b0a4ca4-container stk--no-background stk--no-padding"><div class="stk-block-content stk-inner-blocks stk-b0a4ca4-inner-blocks">
<div class="wp-block-stackable-image-box stk-block-image-box stk-hover-parent stk-block stk-c16537f is-style-line" data-block-id="c16537f"><style>.stk-c16537f {border-top-left-radius:10px !important;border-top-right-radius:10px !important;border-bottom-right-radius:10px !important;border-bottom-left-radius:10px !important;overflow:hidden !important;}</style><div class="stk-block-content stk-inner-blocks has-text-align-center stk-row stk-block-image-box__content">
<div class="wp-block-stackable-image stk-block-image stk-block stk-b9da356" data-block-id="b9da356"><style>.stk-b9da356 .stk-img-wrapper{height:350px !important;}:where(.stk-hover-parent:hover,  .stk-hover-parent.stk--is-hovered) .stk-b9da356 .stk-img-wrapper::after{background-color:var(--stk-global-color-95148, #3c5018) !important;}:where(.stk-hover-parent:hover,  .stk-hover-parent.stk--is-hovered) .stk-b9da356 .stk-img-wrapper{--stk-gradient-overlay:0.5 !important;}</style><figure><span class="stk-img-wrapper stk-image--shape-stretch"><img loading="lazy" decoding="async" class="stk-img wp-image-393" src="https://www.campingambois.com/wp-content/uploads/2025/01/DSC_8602les-sables-d-olonne-sauveterre-Personnalise.jpg" width="900" height="600" alt="les sables d&#039;olonne" srcset="https://www.campingambois.com/wp-content/uploads/2025/01/DSC_8602les-sables-d-olonne-sauveterre-Personnalise.jpg 900w, https://www.campingambois.com/wp-content/uploads/2025/01/DSC_8602les-sables-d-olonne-sauveterre-Personnalise-300x200.jpg 300w, https://www.campingambois.com/wp-content/uploads/2025/01/DSC_8602les-sables-d-olonne-sauveterre-Personnalise-768x512.jpg 768w, https://www.campingambois.com/wp-content/uploads/2025/01/DSC_8602les-sables-d-olonne-sauveterre-Personnalise-500x333.jpg 500w, https://www.campingambois.com/wp-content/uploads/2025/01/DSC_8602les-sables-d-olonne-sauveterre-Personnalise-800x533.jpg 800w" sizes="auto, (max-width: 900px) 100vw, 900px" /></span></figure></div>



<div class="wp-block-stackable-column stk-block-column stk-column stk-block stk-0e75003" data-v="4" data-block-id="0e75003"><style>.stk-0e75003-container{margin-top:0px !important;margin-right:0px !important;margin-bottom:0px !important;margin-left:0px !important;background-color:#3c4f1854 !important;display:flex !important;}.stk-0e75003-container:before{background-color:#3c4f1854 !important;}.stk-0e75003-inner-blocks{justify-content:center !important;}</style><div class="stk-column-wrapper stk-block-column__content stk-container stk-0e75003-container stk-hover-parent"><div class="stk-block-content stk-inner-blocks stk-0e75003-inner-blocks">
<div class="wp-block-stackable-heading stk-block-heading stk-block-heading--v2 stk-block stk-0312329" id="les-sables-d-olonne" data-block-id="0312329"><style>.stk-0312329 .stk-block-heading__bottom-line{height:2px !important;width:0px !important;background-color:#FFFFFF !important;margin-top:16px !important;margin-left:auto !important;margin-right:auto !important;}:where(.stk-hover-parent:hover,  .stk-hover-parent.stk--is-hovered) .stk-0312329 .stk-block-heading__bottom-line{width:80% !important;}.stk-0312329 .stk-block-heading__text{font-size:28px !important;color:#FFFFFF !important;}@media screen and (max-width: 1023px){.stk-0312329 .stk-block-heading__text{font-size:28px !important;}}</style><h4 class="stk-block-heading__text has-text-color has-white-color">Les Sables d'Olonne</h4><div class="stk-block-heading__bottom-line"></div></div>
</div></div></div>
</div><a class="stk-link stk-block-link stk--transparent-overlay" href="https://www.campingambois.com/en/les-sables-dolonne/"></a></div>
</div></div></div>



<div class="wp-block-stackable-column stk-block-column stk-column stk-block stk-42810f7" data-v="4" data-block-id="42810f7"><div class="stk-column-wrapper stk-block-column__content stk-container stk-42810f7-container stk--no-background stk--no-padding"><div class="stk-block-content stk-inner-blocks stk-42810f7-inner-blocks">
<div class="wp-block-stackable-image-box stk-block-image-box stk-hover-parent stk-block stk-294f401 is-style-line" data-block-id="294f401"><style>.stk-294f401 {border-top-left-radius:10px !important;border-top-right-radius:10px !important;border-bottom-right-radius:10px !important;border-bottom-left-radius:10px !important;overflow:hidden !important;}</style><div class="stk-block-content stk-inner-blocks has-text-align-center stk-row stk-block-image-box__content">
<div class="wp-block-stackable-image stk-block-image stk-block stk-1b67d2d" data-block-id="1b67d2d"><style>.stk-1b67d2d .stk-img-wrapper{height:350px !important;}:where(.stk-hover-parent:hover,  .stk-hover-parent.stk--is-hovered) .stk-1b67d2d .stk-img-wrapper::after{background-color:var(--stk-global-color-95148, #3c5018) !important;}:where(.stk-hover-parent:hover,  .stk-hover-parent.stk--is-hovered) .stk-1b67d2d .stk-img-wrapper{--stk-gradient-overlay:0.5 !important;}</style><figure><span class="stk-img-wrapper stk-image--shape-stretch"><img loading="lazy" decoding="async" class="stk-img wp-image-447" src="https://www.campingambois.com/wp-content/uploads/2025/01/volley_plage_veillon_talmont_1_sbourcier.jpg" width="640" height="427" alt="the beaches of vendée" srcset="https://www.campingambois.com/wp-content/uploads/2025/01/volley_plage_veillon_talmont_1_sbourcier.jpg 640w, https://www.campingambois.com/wp-content/uploads/2025/01/volley_plage_veillon_talmont_1_sbourcier-300x200.jpg 300w, https://www.campingambois.com/wp-content/uploads/2025/01/volley_plage_veillon_talmont_1_sbourcier-500x334.jpg 500w" sizes="auto, (max-width: 640px) 100vw, 640px" /></span></figure></div>



<div class="wp-block-stackable-column stk-block-column stk-column stk-block stk-a00c89c" data-v="4" data-block-id="a00c89c"><style>.stk-a00c89c-container{margin-top:0px !important;margin-right:0px !important;margin-bottom:0px !important;margin-left:0px !important;background-color:#3c4f1854 !important;display:flex !important;}.stk-a00c89c-container:before{background-color:#3c4f1854 !important;}.stk-a00c89c-inner-blocks{justify-content:center !important;}</style><div class="stk-column-wrapper stk-block-column__content stk-container stk-a00c89c-container stk-hover-parent"><div class="stk-block-content stk-inner-blocks stk-a00c89c-inner-blocks">
<div class="wp-block-stackable-heading stk-block-heading stk-block-heading--v2 stk-block stk-cb9a61c" id="les-plages-et-nos-coups-de-coeur" data-block-id="cb9a61c"><style>.stk-cb9a61c .stk-block-heading__bottom-line{height:2px !important;width:0px !important;background-color:#FFFFFF !important;margin-top:16px !important;margin-left:auto !important;margin-right:auto !important;}:where(.stk-hover-parent:hover,  .stk-hover-parent.stk--is-hovered) .stk-cb9a61c .stk-block-heading__bottom-line{width:80% !important;}.stk-cb9a61c .stk-block-heading__text{font-size:28px !important;color:#FFFFFF !important;}@media screen and (max-width: 1023px){.stk-cb9a61c .stk-block-heading__text{font-size:28px !important;}}</style><h4 class="stk-block-heading__text has-text-color has-white-color">Beaches and our favourites</h4><div class="stk-block-heading__bottom-line"></div></div>
</div></div></div>
</div><a class="stk-link stk-block-link stk--transparent-overlay" href="https://www.campingambois.com/en/the-beaches-of-vendee/"></a></div>
</div></div></div>



<div class="wp-block-stackable-column stk-block-column stk-column stk-block stk-d5570a1" data-v="4" data-block-id="d5570a1"><div class="stk-column-wrapper stk-block-column__content stk-container stk-d5570a1-container stk--no-background stk--no-padding"><div class="stk-block-content stk-inner-blocks stk-d5570a1-inner-blocks">
<div class="wp-block-stackable-image-box stk-block-image-box stk-hover-parent stk-block stk-e98d95a is-style-line" data-block-id="e98d95a"><style>.stk-e98d95a {border-top-left-radius:10px !important;border-top-right-radius:10px !important;border-bottom-right-radius:10px !important;border-bottom-left-radius:10px !important;overflow:hidden !important;}</style><div class="stk-block-content stk-inner-blocks has-text-align-center stk-row stk-block-image-box__content">
<div class="wp-block-stackable-image stk-block-image stk-block stk-429da51" data-block-id="429da51"><style>.stk-429da51 .stk-img-wrapper{height:350px !important;}:where(.stk-hover-parent:hover,  .stk-hover-parent.stk--is-hovered) .stk-429da51 .stk-img-wrapper::after{background-color:var(--stk-global-color-95148, #3c5018) !important;}:where(.stk-hover-parent:hover,  .stk-hover-parent.stk--is-hovered) .stk-429da51 .stk-img-wrapper{--stk-gradient-overlay:0.5 !important;}</style><figure><span class="stk-img-wrapper stk-image--shape-stretch"><img loading="lazy" decoding="async" class="stk-img wp-image-565" src="https://www.campingambois.com/wp-content/uploads/2025/01/PortdelaMeulelIledYeu3-Personnalise-Personnalise.jpg" width="1000" height="667" alt="the Vendée islands" srcset="https://www.campingambois.com/wp-content/uploads/2025/01/PortdelaMeulelIledYeu3-Personnalise-Personnalise.jpg 1000w, https://www.campingambois.com/wp-content/uploads/2025/01/PortdelaMeulelIledYeu3-Personnalise-Personnalise-300x200.jpg 300w, https://www.campingambois.com/wp-content/uploads/2025/01/PortdelaMeulelIledYeu3-Personnalise-Personnalise-768x512.jpg 768w, https://www.campingambois.com/wp-content/uploads/2025/01/PortdelaMeulelIledYeu3-Personnalise-Personnalise-500x334.jpg 500w, https://www.campingambois.com/wp-content/uploads/2025/01/PortdelaMeulelIledYeu3-Personnalise-Personnalise-800x534.jpg 800w" sizes="auto, (max-width: 1000px) 100vw, 1000px" /></span></figure></div>



<div class="wp-block-stackable-column stk-block-column stk-column stk-block stk-c8ec394" data-v="4" data-block-id="c8ec394"><style>.stk-c8ec394-container{margin-top:0px !important;margin-right:0px !important;margin-bottom:0px !important;margin-left:0px !important;background-color:#3c4f1854 !important;display:flex !important;}.stk-c8ec394-container:before{background-color:#3c4f1854 !important;}.stk-c8ec394-inner-blocks{justify-content:center !important;}</style><div class="stk-column-wrapper stk-block-column__content stk-container stk-c8ec394-container stk-hover-parent"><div class="stk-block-content stk-inner-blocks stk-c8ec394-inner-blocks">
<div class="wp-block-stackable-heading stk-block-heading stk-block-heading--v2 stk-block stk-78d7c95" id="les-iles" data-block-id="78d7c95"><style>.stk-78d7c95 .stk-block-heading__bottom-line{height:2px !important;width:0px !important;background-color:#FFFFFF !important;margin-top:16px !important;margin-left:auto !important;margin-right:auto !important;}:where(.stk-hover-parent:hover,  .stk-hover-parent.stk--is-hovered) .stk-78d7c95 .stk-block-heading__bottom-line{width:80% !important;}.stk-78d7c95 .stk-block-heading__text{font-size:28px !important;color:#FFFFFF !important;}@media screen and (max-width: 1023px){.stk-78d7c95 .stk-block-heading__text{font-size:28px !important;}}</style><h4 class="stk-block-heading__text has-text-color has-white-color">The islands</h4><div class="stk-block-heading__bottom-line"></div></div>
</div></div></div>
</div><a class="stk-link stk-block-link stk--transparent-overlay" href="https://www.campingambois.com/en/the-islands/"></a></div>
</div></div></div>
</div></div>

Côté mer et îles, vous serez gâtés en Vendée

Trouvez les plus belles plages et les plus belles îles de Vendée, pour un moment magique entre vagues et sable fin
