{"id":12492,"date":"2023-06-29T16:47:39","date_gmt":"2023-06-29T14:47:39","guid":{"rendered":"https:\/\/www.campingambois.com\/?post_type=editorial&amp;p=12492"},"modified":"2023-06-29T16:47:39","modified_gmt":"2023-06-29T14:47:39","slug":"clef-verte-campsite-in-vendee","status":"publish","type":"editorial","link":"https:\/\/www.campingambois.com\/en\/editorial\/camping-labelise-clef-verte-en-vendee\/","title":{"rendered":"Green Key campsite in Vend\u00e9e"},"content":{"rendered":"<p>The Ambois campsite has been awarded the <a href=\"https:\/\/www.campingambois.com\/en\/clef-verte\/\">Green Key<\/a>. One of the main criteria of this label is respect for the environment and people through a number of actions.<\/p>\n<p><strong><em>Environment and camping<\/em><\/strong><\/p>\n<p>This label is implemented by controlling water and energy consumption at the campsite. Thanks to meters accessible to all holidaymakers, everyone can witness their impact. The campsite is also committed to environmental waste management. This means providing customers with sorting bins and a compost bin.<\/p>\n<p><a href=\"https:\/\/www.campingambois.com\/wp-content\/uploads\/2023\/06\/CLEF-VERTE.jpg\"><img loading=\"lazy\" decoding=\"async\" class=\"wp-image-13601 alignnone\" src=\"https:\/\/www.campingambois.com\/wp-content\/uploads\/2023\/06\/CLEF-VERTE-1024x438.jpg\" alt=\"clef verte campsite Vend\u00e9e\" width=\"400\" height=\"171\" srcset=\"https:\/\/www.campingambois.com\/wp-content\/uploads\/2023\/06\/CLEF-VERTE-1024x438.jpg 1024w, https:\/\/www.campingambois.com\/wp-content\/uploads\/2023\/06\/CLEF-VERTE-300x128.jpg 300w, https:\/\/www.campingambois.com\/wp-content\/uploads\/2023\/06\/CLEF-VERTE-768x328.jpg 768w, https:\/\/www.campingambois.com\/wp-content\/uploads\/2023\/06\/CLEF-VERTE-500x214.jpg 500w, https:\/\/www.campingambois.com\/wp-content\/uploads\/2023\/06\/CLEF-VERTE-800x342.jpg 800w, https:\/\/www.campingambois.com\/wp-content\/uploads\/2023\/06\/CLEF-VERTE.jpg 1200w\" sizes=\"auto, (max-width: 400px) 100vw, 400px\" \/><\/a><\/p>\n<h2><strong><em>Green Key activities<\/em><\/strong><\/h2>\n<p>Also, a <strong>Green Key campsite in Vend\u00e9e<\/strong> is committed. For example, activities must be linked to nature and the campsite environment. To this end, Ambois is planning fun workshops for children. For example, during the \" <a href=\"https:\/\/www.campingambois.com\/en\/week-end-fermier\/\">p'tit' fermier<\/a> In the \"farm animals\" workshop, children learn about farm animals by creating a herbarium. The \"p'tit artisan\" workshop gives youngsters the chance to make objects by hand. The materials used are recycled.<\/p>\n<p><img loading=\"lazy\" decoding=\"async\" class=\"alignnone wp-image-12375\" src=\"https:\/\/www.campingambois.com\/wp-content\/uploads\/2023\/01\/DSC_0030-scaled.jpg\" alt=\"Feeding the animals at the mini-farm\" width=\"332\" height=\"220\" \/><\/p>\n<p><strong><em>The Vend\u00e9e region<\/em><\/strong><\/p>\n<p>What's more, the <strong>Green Key campsite in Vend\u00e9e<\/strong> is committed to promoting <a href=\"https:\/\/www.campingambois.com\/en\/les-musees-a-proximite\/\">local players<\/a> Vend\u00e9e. An orchard a stone's throw from the campsite provides holidaymakers with fresh organic produce.<\/p>\n<p><strong><em>Nature Vend\u00e9enne<\/em><\/strong><\/p>\n<p>Finally, campsites need to promote the region's natural assets. For Ambois, this means promoting places such as <a href=\"https:\/\/www.campingambois.com\/en\/les-iles-vendeennes\/\">the Gois Passage<\/a> in Noirmoutier and the saltworks in Les Sables d'Olonne. There are many natural sites in the Vend\u00e9e, making it one of the region's richest.<img loading=\"lazy\" decoding=\"async\" class=\"alignnone wp-image-12432\" src=\"https:\/\/www.campingambois.com\/wp-content\/uploads\/2023\/01\/marais-salant.jpg\" alt=\"Collecting salt in the saltworks of Les Sables d&#039;Olonne\" width=\"509\" height=\"179\" \/><\/p>\n<p>So go ahead and book your family holiday in one of the following locations\u00a0<strong>Green Key campsite in Vend\u00e9e<\/strong>. Contact us on 02.51.37.29.15.<\/p>","protected":false},"featured_media":0,"template":"","meta":{"_acf_changed":false,"_seopress_robots_primary_cat":"","_seopress_titles_title":"","_seopress_titles_desc":"Le camping de l&#039;Ambois est labelis\u00e9 cl\u00e9 verte, venez d\u00e9couvrir tous les avantages de ce camping !","_seopress_robots_index":"","_vp_format_video_url":"","_vp_image_focal_point":[]},"class_list":["post-12492","editorial","type-editorial","status-publish","hentry"],"acf":[],"_links":{"self":[{"href":"https:\/\/www.campingambois.com\/en\/wp-json\/wp\/v2\/editorial\/12492","targetHints":{"allow":["GET"]}}],"collection":[{"href":"https:\/\/www.campingambois.com\/en\/wp-json\/wp\/v2\/editorial"}],"about":[{"href":"https:\/\/www.campingambois.com\/en\/wp-json\/wp\/v2\/types\/editorial"}],"wp:attachment":[{"href":"https:\/\/www.campingambois.com\/en\/wp-json\/wp\/v2\/media?parent=12492"}],"curies":[{"name":"wp","href":"https:\/\/api.w.org\/{rel}","templated":true}]}}

Green Key campsite in Vendée

<p>The Ambois campsite has been awarded the <a href="https://www.campingambois.com/en/clef-verte/">Green Key</a>. One of the main criteria of this label is respect for the environment and people through a number of actions.</p>
<p><strong><em>Environment and camping</em></strong></p>
<p>This label is implemented by controlling water and energy consumption at the campsite. Thanks to meters accessible to all holidaymakers, everyone can witness their impact. The campsite is also committed to environmental waste management. This means providing customers with sorting bins and a compost bin.</p>
<p><a href="https://www.campingambois.com/wp-content/uploads/2023/06/CLEF-VERTE.jpg"><img loading="lazy" decoding="async" class="wp-image-13601 alignnone" src="https://www.campingambois.com/wp-content/uploads/2023/06/CLEF-VERTE-1024x438.jpg" alt="clef verte campsite Vendée" width="400" height="171" srcset="https://www.campingambois.com/wp-content/uploads/2023/06/CLEF-VERTE-1024x438.jpg 1024w, https://www.campingambois.com/wp-content/uploads/2023/06/CLEF-VERTE-300x128.jpg 300w, https://www.campingambois.com/wp-content/uploads/2023/06/CLEF-VERTE-768x328.jpg 768w, https://www.campingambois.com/wp-content/uploads/2023/06/CLEF-VERTE-500x214.jpg 500w, https://www.campingambois.com/wp-content/uploads/2023/06/CLEF-VERTE-800x342.jpg 800w, https://www.campingambois.com/wp-content/uploads/2023/06/CLEF-VERTE.jpg 1200w" sizes="auto, (max-width: 400px) 100vw, 400px" /></a></p>
<h2><strong><em>Green Key activities</em></strong></h2>
<p>Also, a <strong>Green Key campsite in Vendée</strong> is committed. For example, activities must be linked to nature and the campsite environment. To this end, Ambois is planning fun workshops for children. For example, during the " <a href="https://www.campingambois.com/en/week-end-fermier/">p'tit' fermier</a> In the "farm animals" workshop, children learn about farm animals by creating a herbarium. The "p'tit artisan" workshop gives youngsters the chance to make objects by hand. The materials used are recycled.</p>
<p><img loading="lazy" decoding="async" class="alignnone wp-image-12375" src="https://www.campingambois.com/wp-content/uploads/2023/01/DSC_0030-scaled.jpg" alt="Feeding the animals at the mini-farm" width="332" height="220" /></p>
<p><strong><em>The Vendée region</em></strong></p>
<p>What's more, the <strong>Green Key campsite in Vendée</strong> is committed to promoting <a href="https://www.campingambois.com/en/les-musees-a-proximite/">local players</a> Vendée. An orchard a stone's throw from the campsite provides holidaymakers with fresh organic produce.</p>
<p><strong><em>Nature Vendéenne</em></strong></p>
<p>Finally, campsites need to promote the region's natural assets. For Ambois, this means promoting places such as <a href="https://www.campingambois.com/en/les-iles-vendeennes/">the Gois Passage</a> in Noirmoutier and the saltworks in Les Sables d'Olonne. There are many natural sites in the Vendée, making it one of the region's richest.<img loading="lazy" decoding="async" class="alignnone wp-image-12432" src="https://www.campingambois.com/wp-content/uploads/2023/01/marais-salant.jpg" alt="Collecting salt in the saltworks of Les Sables d&#039;Olonne" width="509" height="179" /></p>
<p>So go ahead and book your family holiday in one of the following locations <strong>Green Key campsite in Vendée</strong>. Contact us on 02.51.37.29.15.</p>

Le camping de l&#039;Ambois est labelisé clé verte, venez découvrir tous les avantages de ce camping !
